{"id":22,"date":"2023-02-07T18:23:08","date_gmt":"2023-02-07T18:23:08","guid":{"rendered":"https:\/\/mimamamemima.com.mx\/RockOn\/?page_id=22"},"modified":"2026-04-10T22:08:20","modified_gmt":"2026-04-10T22:08:20","slug":"conciertos","status":"publish","type":"page","link":"https:\/\/mimamamemima.com.mx\/RockOn\/conciertos\/","title":{"rendered":"CONCIERTOS"},"content":{"rendered":"<p>Estos son algunos de los pr\u00f3ximos eventos que se llevar\u00e1n a cabo en la <strong>Zona Metropolitana de Guadalajara<\/strong>.<\/p>\n<p>Si quieres que tu evento aparezca en este listado m\u00e1ndanos el flyer por correo a <a href=\"mailto:mimamamemimaradio@gmail.com\" target=\"_blank\" rel=\"noopener\">mimamamemimaradio@gmail.com<\/a><\/p>\n<p><img loading=\"lazy\" decoding=\"async\" class=\"alignnone size-full wp-image-2863\" src=\"https:\/\/mimamamemima.com.mx\/RockOn\/wp-content\/uploads\/2026\/04\/20260410-brigade2.jpg\" alt=\"\" width=\"600\" height=\"750\" srcset=\"https:\/\/mimamamemima.com.mx\/RockOn\/wp-content\/uploads\/2026\/04\/20260410-brigade2.jpg 600w, https:\/\/mimamamemima.com.mx\/RockOn\/wp-content\/uploads\/2026\/04\/20260410-brigade2-240x300.jpg 240w\" sizes=\"auto, (max-width: 600px) 100vw, 600px\" \/><\/p>\n<p><img loading=\"lazy\" decoding=\"async\" class=\"alignnone size-full wp-image-2856\" src=\"https:\/\/mimamamemima.com.mx\/RockOn\/wp-content\/uploads\/2026\/03\/20260410-dis.jpg\" alt=\"\" width=\"600\" height=\"750\" srcset=\"https:\/\/mimamamemima.com.mx\/RockOn\/wp-content\/uploads\/2026\/03\/20260410-dis.jpg 600w, https:\/\/mimamamemima.com.mx\/RockOn\/wp-content\/uploads\/2026\/03\/20260410-dis-240x300.jpg 240w\" sizes=\"auto, (max-width: 600px) 100vw, 600px\" \/><\/p>\n<p><img loading=\"lazy\" decoding=\"async\" class=\"alignnone size-full wp-image-2864\" src=\"https:\/\/mimamamemima.com.mx\/RockOn\/wp-content\/uploads\/2026\/04\/20260411-lancoma.jpg\" alt=\"\" width=\"600\" height=\"868\" srcset=\"https:\/\/mimamamemima.com.mx\/RockOn\/wp-content\/uploads\/2026\/04\/20260411-lancoma.jpg 600w, https:\/\/mimamamemima.com.mx\/RockOn\/wp-content\/uploads\/2026\/04\/20260411-lancoma-207x300.jpg 207w\" sizes=\"auto, (max-width: 600px) 100vw, 600px\" \/><\/p>\n<p><img loading=\"lazy\" decoding=\"async\" class=\"alignnone size-full wp-image-2873\" src=\"https:\/\/mimamamemima.com.mx\/RockOn\/wp-content\/uploads\/2026\/04\/20260415-momo2.jpg\" alt=\"\" width=\"600\" height=\"600\" srcset=\"https:\/\/mimamamemima.com.mx\/RockOn\/wp-content\/uploads\/2026\/04\/20260415-momo2.jpg 600w, https:\/\/mimamamemima.com.mx\/RockOn\/wp-content\/uploads\/2026\/04\/20260415-momo2-300x300.jpg 300w, https:\/\/mimamamemima.com.mx\/RockOn\/wp-content\/uploads\/2026\/04\/20260415-momo2-150x150.jpg 150w, https:\/\/mimamamemima.com.mx\/RockOn\/wp-content\/uploads\/2026\/04\/20260415-momo2-75x75.jpg 75w, https:\/\/mimamamemima.com.mx\/RockOn\/wp-content\/uploads\/2026\/04\/20260415-momo2-100x100.jpg 100w\" sizes=\"auto, (max-width: 600px) 100vw, 600px\" \/><\/p>\n<p><img loading=\"lazy\" decoding=\"async\" class=\"alignnone size-full wp-image-2748\" src=\"https:\/\/mimamamemima.com.mx\/RockOn\/wp-content\/uploads\/2026\/01\/20260416-illnino.jpeg\" alt=\"\" width=\"600\" height=\"750\" srcset=\"https:\/\/mimamamemima.com.mx\/RockOn\/wp-content\/uploads\/2026\/01\/20260416-illnino.jpeg 600w, https:\/\/mimamamemima.com.mx\/RockOn\/wp-content\/uploads\/2026\/01\/20260416-illnino-240x300.jpeg 240w\" sizes=\"auto, (max-width: 600px) 100vw, 600px\" \/><\/p>\n<p><img loading=\"lazy\" decoding=\"async\" class=\"alignnone size-full wp-image-2893\" src=\"https:\/\/mimamamemima.com.mx\/RockOn\/wp-content\/uploads\/2026\/04\/20260418-tlaque.jpg\" alt=\"\" width=\"600\" height=\"750\" srcset=\"https:\/\/mimamamemima.com.mx\/RockOn\/wp-content\/uploads\/2026\/04\/20260418-tlaque.jpg 600w, https:\/\/mimamamemima.com.mx\/RockOn\/wp-content\/uploads\/2026\/04\/20260418-tlaque-240x300.jpg 240w\" sizes=\"auto, (max-width: 600px) 100vw, 600px\" \/><\/p>\n<p><img loading=\"lazy\" decoding=\"async\" class=\"alignnone size-full wp-image-2879\" src=\"https:\/\/mimamamemima.com.mx\/RockOn\/wp-content\/uploads\/2026\/04\/20260501-evaristo2-1.jpg\" alt=\"\" width=\"600\" height=\"600\" srcset=\"https:\/\/mimamamemima.com.mx\/RockOn\/wp-content\/uploads\/2026\/04\/20260501-evaristo2-1.jpg 600w, https:\/\/mimamamemima.com.mx\/RockOn\/wp-content\/uploads\/2026\/04\/20260501-evaristo2-1-300x300.jpg 300w, https:\/\/mimamamemima.com.mx\/RockOn\/wp-content\/uploads\/2026\/04\/20260501-evaristo2-1-150x150.jpg 150w, https:\/\/mimamamemima.com.mx\/RockOn\/wp-content\/uploads\/2026\/04\/20260501-evaristo2-1-75x75.jpg 75w, https:\/\/mimamamemima.com.mx\/RockOn\/wp-content\/uploads\/2026\/04\/20260501-evaristo2-1-100x100.jpg 100w\" sizes=\"auto, (max-width: 600px) 100vw, 600px\" \/><\/p>\n<p><img loading=\"lazy\" decoding=\"async\" class=\"alignnone size-full wp-image-2855\" src=\"https:\/\/mimamamemima.com.mx\/RockOn\/wp-content\/uploads\/2026\/03\/20260501-seguimos.jpg\" alt=\"\" width=\"600\" height=\"750\" srcset=\"https:\/\/mimamamemima.com.mx\/RockOn\/wp-content\/uploads\/2026\/03\/20260501-seguimos.jpg 600w, https:\/\/mimamamemima.com.mx\/RockOn\/wp-content\/uploads\/2026\/03\/20260501-seguimos-240x300.jpg 240w\" sizes=\"auto, (max-width: 600px) 100vw, 600px\" \/><\/p>\n<p><img loading=\"lazy\" decoding=\"async\" class=\"alignnone size-full wp-image-2724\" src=\"https:\/\/mimamamemima.com.mx\/RockOn\/wp-content\/uploads\/2025\/12\/20260506-infla.jpg\" alt=\"\" width=\"600\" height=\"600\" srcset=\"https:\/\/mimamamemima.com.mx\/RockOn\/wp-content\/uploads\/2025\/12\/20260506-infla.jpg 600w, https:\/\/mimamamemima.com.mx\/RockOn\/wp-content\/uploads\/2025\/12\/20260506-infla-300x300.jpg 300w, https:\/\/mimamamemima.com.mx\/RockOn\/wp-content\/uploads\/2025\/12\/20260506-infla-150x150.jpg 150w, https:\/\/mimamamemima.com.mx\/RockOn\/wp-content\/uploads\/2025\/12\/20260506-infla-75x75.jpg 75w, https:\/\/mimamamemima.com.mx\/RockOn\/wp-content\/uploads\/2025\/12\/20260506-infla-100x100.jpg 100w\" sizes=\"auto, (max-width: 600px) 100vw, 600px\" \/><\/p>\n<p><img loading=\"lazy\" decoding=\"async\" class=\"alignnone size-full wp-image-2768\" src=\"https:\/\/mimamamemima.com.mx\/RockOn\/wp-content\/uploads\/2026\/02\/20260507-oeisis.jpg\" alt=\"\" width=\"600\" height=\"600\" srcset=\"https:\/\/mimamamemima.com.mx\/RockOn\/wp-content\/uploads\/2026\/02\/20260507-oeisis.jpg 600w, https:\/\/mimamamemima.com.mx\/RockOn\/wp-content\/uploads\/2026\/02\/20260507-oeisis-300x300.jpg 300w, https:\/\/mimamamemima.com.mx\/RockOn\/wp-content\/uploads\/2026\/02\/20260507-oeisis-150x150.jpg 150w, https:\/\/mimamamemima.com.mx\/RockOn\/wp-content\/uploads\/2026\/02\/20260507-oeisis-75x75.jpg 75w, https:\/\/mimamamemima.com.mx\/RockOn\/wp-content\/uploads\/2026\/02\/20260507-oeisis-100x100.jpg 100w\" sizes=\"auto, (max-width: 600px) 100vw, 600px\" \/><\/p>\n<p><img loading=\"lazy\" decoding=\"async\" class=\"alignnone size-full wp-image-2719\" src=\"https:\/\/mimamamemima.com.mx\/RockOn\/wp-content\/uploads\/2025\/12\/20160509-c3.jpg\" alt=\"\" width=\"600\" height=\"591\" srcset=\"https:\/\/mimamamemima.com.mx\/RockOn\/wp-content\/uploads\/2025\/12\/20160509-c3.jpg 600w, https:\/\/mimamamemima.com.mx\/RockOn\/wp-content\/uploads\/2025\/12\/20160509-c3-300x296.jpg 300w, https:\/\/mimamamemima.com.mx\/RockOn\/wp-content\/uploads\/2025\/12\/20160509-c3-75x75.jpg 75w, https:\/\/mimamamemima.com.mx\/RockOn\/wp-content\/uploads\/2025\/12\/20160509-c3-100x100.jpg 100w\" sizes=\"auto, (max-width: 600px) 100vw, 600px\" \/><\/p>\n<p><img loading=\"lazy\" decoding=\"async\" class=\"alignnone size-full wp-image-2804\" src=\"https:\/\/mimamamemima.com.mx\/RockOn\/wp-content\/uploads\/2026\/02\/20260515-en.jpg\" alt=\"\" width=\"600\" height=\"800\" srcset=\"https:\/\/mimamamemima.com.mx\/RockOn\/wp-content\/uploads\/2026\/02\/20260515-en.jpg 600w, https:\/\/mimamamemima.com.mx\/RockOn\/wp-content\/uploads\/2026\/02\/20260515-en-225x300.jpg 225w\" sizes=\"auto, (max-width: 600px) 100vw, 600px\" \/><\/p>\n<p><img loading=\"lazy\" decoding=\"async\" class=\"alignnone size-full wp-image-2869\" src=\"https:\/\/mimamamemima.com.mx\/RockOn\/wp-content\/uploads\/2026\/04\/20260515-lolly.jpg\" alt=\"\" width=\"600\" height=\"750\" srcset=\"https:\/\/mimamamemima.com.mx\/RockOn\/wp-content\/uploads\/2026\/04\/20260515-lolly.jpg 600w, https:\/\/mimamamemima.com.mx\/RockOn\/wp-content\/uploads\/2026\/04\/20260515-lolly-240x300.jpg 240w\" sizes=\"auto, (max-width: 600px) 100vw, 600px\" \/><\/p>\n<p><img loading=\"lazy\" decoding=\"async\" class=\"alignnone size-full wp-image-2807\" src=\"https:\/\/mimamamemima.com.mx\/RockOn\/wp-content\/uploads\/2026\/02\/20260516-bela.jpg\" alt=\"\" width=\"600\" height=\"754\" srcset=\"https:\/\/mimamamemima.com.mx\/RockOn\/wp-content\/uploads\/2026\/02\/20260516-bela.jpg 600w, https:\/\/mimamamemima.com.mx\/RockOn\/wp-content\/uploads\/2026\/02\/20260516-bela-239x300.jpg 239w\" sizes=\"auto, (max-width: 600px) 100vw, 600px\" \/><\/p>\n<p><img loading=\"lazy\" decoding=\"async\" class=\"alignnone size-full wp-image-2891\" src=\"https:\/\/mimamamemima.com.mx\/RockOn\/wp-content\/uploads\/2026\/04\/20260529-ganja.jpg\" alt=\"\" width=\"600\" height=\"748\" srcset=\"https:\/\/mimamamemima.com.mx\/RockOn\/wp-content\/uploads\/2026\/04\/20260529-ganja.jpg 600w, https:\/\/mimamamemima.com.mx\/RockOn\/wp-content\/uploads\/2026\/04\/20260529-ganja-241x300.jpg 241w\" sizes=\"auto, (max-width: 600px) 100vw, 600px\" \/><\/p>\n<p><img loading=\"lazy\" decoding=\"async\" class=\"alignnone size-full wp-image-2870\" src=\"https:\/\/mimamamemima.com.mx\/RockOn\/wp-content\/uploads\/2026\/04\/20260530-sekta.jpg\" alt=\"\" width=\"600\" height=\"600\" srcset=\"https:\/\/mimamamemima.com.mx\/RockOn\/wp-content\/uploads\/2026\/04\/20260530-sekta.jpg 600w, https:\/\/mimamamemima.com.mx\/RockOn\/wp-content\/uploads\/2026\/04\/20260530-sekta-300x300.jpg 300w, https:\/\/mimamamemima.com.mx\/RockOn\/wp-content\/uploads\/2026\/04\/20260530-sekta-150x150.jpg 150w, https:\/\/mimamamemima.com.mx\/RockOn\/wp-content\/uploads\/2026\/04\/20260530-sekta-75x75.jpg 75w, https:\/\/mimamamemima.com.mx\/RockOn\/wp-content\/uploads\/2026\/04\/20260530-sekta-100x100.jpg 100w\" sizes=\"auto, (max-width: 600px) 100vw, 600px\" \/><\/p>\n<p><img loading=\"lazy\" decoding=\"async\" class=\"alignnone size-full wp-image-2892\" src=\"https:\/\/mimamamemima.com.mx\/RockOn\/wp-content\/uploads\/2026\/04\/20250612-ntlv.jpg\" alt=\"\" width=\"600\" height=\"750\" srcset=\"https:\/\/mimamamemima.com.mx\/RockOn\/wp-content\/uploads\/2026\/04\/20250612-ntlv.jpg 600w, https:\/\/mimamamemima.com.mx\/RockOn\/wp-content\/uploads\/2026\/04\/20250612-ntlv-240x300.jpg 240w\" sizes=\"auto, (max-width: 600px) 100vw, 600px\" \/><\/p>\n<p><img loading=\"lazy\" decoding=\"async\" class=\"alignnone size-full wp-image-2808\" src=\"https:\/\/mimamamemima.com.mx\/RockOn\/wp-content\/uploads\/2026\/02\/20260614-frank.jpg\" alt=\"\" width=\"600\" height=\"750\" srcset=\"https:\/\/mimamamemima.com.mx\/RockOn\/wp-content\/uploads\/2026\/02\/20260614-frank.jpg 600w, https:\/\/mimamamemima.com.mx\/RockOn\/wp-content\/uploads\/2026\/02\/20260614-frank-240x300.jpg 240w\" sizes=\"auto, (max-width: 600px) 100vw, 600px\" \/><\/p>\n<p><img loading=\"lazy\" decoding=\"async\" class=\"alignnone size-full wp-image-2865\" src=\"https:\/\/mimamamemima.com.mx\/RockOn\/wp-content\/uploads\/2026\/04\/20260620-foro.jpg\" alt=\"\" width=\"600\" height=\"750\" srcset=\"https:\/\/mimamamemima.com.mx\/RockOn\/wp-content\/uploads\/2026\/04\/20260620-foro.jpg 600w, https:\/\/mimamamemima.com.mx\/RockOn\/wp-content\/uploads\/2026\/04\/20260620-foro-240x300.jpg 240w\" sizes=\"auto, (max-width: 600px) 100vw, 600px\" \/><\/p>\n<p><img loading=\"lazy\" decoding=\"async\" class=\"alignnone size-full wp-image-2857\" src=\"https:\/\/mimamamemima.com.mx\/RockOn\/wp-content\/uploads\/2026\/03\/20260627-death2.jpg\" alt=\"\" width=\"600\" height=\"750\" srcset=\"https:\/\/mimamamemima.com.mx\/RockOn\/wp-content\/uploads\/2026\/03\/20260627-death2.jpg 600w, https:\/\/mimamamemima.com.mx\/RockOn\/wp-content\/uploads\/2026\/03\/20260627-death2-240x300.jpg 240w\" sizes=\"auto, (max-width: 600px) 100vw, 600px\" \/><\/p>\n<p><img loading=\"lazy\" decoding=\"async\" class=\"alignnone size-full wp-image-2762\" src=\"https:\/\/mimamamemima.com.mx\/RockOn\/wp-content\/uploads\/2026\/01\/20260821-ntvg.jpg\" alt=\"\" width=\"600\" height=\"750\" srcset=\"https:\/\/mimamamemima.com.mx\/RockOn\/wp-content\/uploads\/2026\/01\/20260821-ntvg.jpg 600w, https:\/\/mimamamemima.com.mx\/RockOn\/wp-content\/uploads\/2026\/01\/20260821-ntvg-240x300.jpg 240w\" sizes=\"auto, (max-width: 600px) 100vw, 600px\" \/><\/p>\n","protected":false},"excerpt":{"rendered":"<p>Estos son algunos de los pr\u00f3ximos eventos que se llevar\u00e1n a cabo en la Zona Metropolitana de Guadalajara. Si quieres que tu evento aparezca en este listado m\u00e1ndanos el flyer por correo a mimamamemimaradio@gmail.com<\/p>\n","protected":false},"author":1,"featured_media":2870,"parent":0,"menu_order":0,"comment_status":"closed","ping_status":"closed","template":"","meta":{"footnotes":""},"class_list":["post-22","page","type-page","status-publish","has-post-thumbnail","hentry"],"_links":{"self":[{"href":"https:\/\/mimamamemima.com.mx\/RockOn\/wp-json\/wp\/v2\/pages\/22","targetHints":{"allow":["GET"]}}],"collection":[{"href":"https:\/\/mimamamemima.com.mx\/RockOn\/wp-json\/wp\/v2\/pages"}],"about":[{"href":"https:\/\/mimamamemima.com.mx\/RockOn\/wp-json\/wp\/v2\/types\/page"}],"author":[{"embeddable":true,"href":"https:\/\/mimamamemima.com.mx\/RockOn\/wp-json\/wp\/v2\/users\/1"}],"replies":[{"embeddable":true,"href":"https:\/\/mimamamemima.com.mx\/RockOn\/wp-json\/wp\/v2\/comments?post=22"}],"version-history":[{"count":514,"href":"https:\/\/mimamamemima.com.mx\/RockOn\/wp-json\/wp\/v2\/pages\/22\/revisions"}],"predecessor-version":[{"id":2894,"href":"https:\/\/mimamamemima.com.mx\/RockOn\/wp-json\/wp\/v2\/pages\/22\/revisions\/2894"}],"wp:featuredmedia":[{"embeddable":true,"href":"https:\/\/mimamamemima.com.mx\/RockOn\/wp-json\/wp\/v2\/media\/2870"}],"wp:attachment":[{"href":"https:\/\/mimamamemima.com.mx\/RockOn\/wp-json\/wp\/v2\/media?parent=22"}],"curies":[{"name":"wp","href":"https:\/\/api.w.org\/{rel}","templated":true}]}}